s r(s)?
-14
Let g(k) = -2*k**3 - 8*k**2 - 3*k + 6. Let j be g(-3). Suppose 3*w + 4 = -29. Let b = w - j. Let u(n) = n**3 + 9*n**2 + 8*n - 7. Give u(b).
-7
Let f(p) = -5*p + 5. Suppose -36*y + 31*y = -30. Give f(y).
-25
Let z(b) be the first derivative of b**3/3 - 3*b**2 + 7*b - 1. Let n = 6 + -14. Let t = n - -14. What is z(t)?
7
Let h(a) = 2*a + 2. Let d be ((-16)/(-10) - 2)*-5. Let y(x) = 2 - 9 - 5*x - d*x + 0*x. Let t(l) = 22*h(l) + 6*y(l). Determine t(-2).
-2
Let o(h) = -7*h + 3 + 4 - 12. Suppose -17*x = 73 - 5. Give o(x).
23
Let p(r) = -r**3 - 4*r**2 + 4*r + 6. Let m = -75 + 105. Suppose 3*j + 3*j = -m. Calculate p(j).
11
Let j(c) = 29*c + 321. Let g be j(-11). Let n(t) = t. Calculate n(g).
2
Let h(i) be the third derivative of i**5/60 - 3*i**3/2 - 6*i**2 - 362*i. Let w be 2/(-6) - (-1)/3. Calculate h(w).
-9
Let g(i) be the second derivative of i**5/20 - i**4/6 - 5*i**3/6 + 3*i**2 - i + 23. Determine g(3).
0
Let t(c) be the first derivative of -5*c**2/2 + 7*c + 182. Determine t(4).
-13
Let w be ((-3)/2)/((-9)/24). Let g(y) = w*y + y**2 + 0*y + 0*y**2 - 10*y. Determine g(5).
-5
Suppose -4*j = 2*h - 50, 2*j - 5*h = 7 - 0. Let i(a) = -a**3 + 12*a**2 - 14*a + 5. What is i(j)?
-28
Suppose 2 = 3*c - 7. Suppose -4*j + 23 = 5*r, -13 = -3*r - 0*j - 2*j. Let l(t) = 28*t - 3*t**r + t**3 + 3*t**2 - 3 - 23*t. Calculate l(c).
-15
Let o(q) = -128*q + 73*q + 62*q. Give o(2).
14
Suppose 2*i - 22 = 12. Let s = 26 - i. Let c = s - 4. Let x(p) = p**2 - 6*p + 3. Calculate x(c).
-2
Suppose 6*x = 5*x + 3. Let g(i) = -i**3 + 3*i**2 + i. Let n be g(x). Let q(t) = -t**2 + 2*t**2 + t**2 + 5*t - n*t**2 + 2. What is q(5)?
2
Let t(x) = -x**2 - 8*x - 5. Let y = -268 - -261. Calculate t(y).
2
Let k = -1405 - -1391. Let c(a) = a**3 + 12*a**2 - 28*a + 15. Determine c(k).
15
Let f(a) = a**3 - 4*a**2 - 4*a + 4. Let m be (-56)/(-11) - (-24)/(-264). Determine f(m).
9
Let f(j) be the second derivative of -7/2*j**2 + 1/60*j**5 + j**3 + 5/24*j**4 + 5*j + 0. Let s(w) be the first derivative of f(w). Calculate s(-5).
6
Let n(a) = a**3 - 11*a**2 + 8*a + 23. Let i be n(10). Let f be ((-1 + -1)/(-2))/(i/(-9)). Let p(l) = l**3 + 3*l**2 + 2*l + 3. Calculate p(f).
-3
Let y(l) be the third derivative of l**5/60 - l**4/6 + 2*l**3/3 - 4*l**2 - 3. Give y(4).
4
Suppose -2*j + 231 = -353. Let r(f) = -f**2 - j + 153 + 145 - 4*f + 2*f. Calculate r(-5).
-9
Let t = -48 + 61. Let d(x) = -t*x - x + 18*x. Let g(i) = i - 2. Let k be g(3). Calculate d(k).
4
Let w(h) = -25*h**3 + 14*h**2 - 3*h - 3. Let v(k) = -9*k**3 + 5*k**2 - k - 1. Let s(n) = -17*v(n) + 6*w(n). Determine s(-1).
-4
Let s(z) be the second derivative of -1/20*z**5 - 8*z - 1/4*z**4 + 0 + 2/3*z**3 + z**2. Calculate s(-4).
2
Let s(d) be the first derivative of d**2/2 + 7*d - 1. Suppose -25 = -369*n + 374*n. What is s(n)?
2
Let y(i) be the second derivative of -1/2*i**4 + 0*i**3 + 7/720*i**6 + 0*i**5 + 0*i**2 - 5*i + 0. Let x(t) be the third derivative of y(t). What is x(-1)?
-7
Let z(j) = j**3 + 10*j**2 - 11*j + 2. Let k be z(-11). Suppose 0*v - 4 = -k*v. Suppose 4 = v*b - 4. Let i(q) = -q**3 + 3*q**2 + 2*q - 2. Determine i(b).
-10
Let a(s) be the third derivative of -s**6/120 + 4*s**5/15 + 5*s**3/2 - 135*s**2. Give a(16).
15
Let w(n) = -2*n - 15. Let r be w(-9). Let i(v) be the third derivative of 0*v**4 + 0*v - v**r + 0 + 5*v**2 + 1/60*v**5. Calculate i(0).
-6
Let g(d) = -d**3 + 9*d**2 - d - 12. Suppose -1 = -c - 2*m, -m + 3*m = -3*c + 19. Determine g(c).
-21
Let a(j) = 2*j - 8. Let p be a(7). Let v be (2 - 3)*(2 - p). Suppose v*t + 5*i = i + 20, -3 = -i. Let r(q) = q**2 - 5*q + 1. Calculate r(t).
-5
Let z(l) = -l - 6 + l + l. Suppose -5*c = -25, 7 = 4*h + 10*c - 11*c. Calculate z(h).
-3
Let g(i) = -1 + i**2 + 2*i + 2 + 4*i**3 + 0. Suppose 4*t + 111 = 3*v - t, 2*v = -5*t + 99. Let p = v - 43. Give g(p).
-4
Let m(d) be the first derivative of 5/3*d**3 + d + 3 + 0*d**2. Give m(1).
6
Let b = 92 + -74. Let a(d) = d**3 - 19*d**2 + 17*d + 22. Determine a(b).
4
Let j(p) = -2*p**3 + 5*p**2 + 2*p + 9. Let k be j(0). Let n(h) = -h**2 + 9*h + 7. What is n(k)?
7
Let g(u) = u**2 - 2*u - 1. Let v be (66 - 73)*(11/(-7) + 1). Calculate g(v).
7
Let w(g) = -43*g + 13*g + 2 - g**3 + 29*g - 3*g**2. Give w(-3).
5
Let a(t) be the first derivative of t**4/6 - t**3/6 - 6*t**2 + 6. Let d(x) be the second derivative of a(x). Give d(-4).
-17
Let y be (10/(-6))/(2/(-6)). Let t(h) = -6 + h + 5 - 4. Let s be t(y). Let l(w) = w + 1. Give l(s).
1
Let h(j) = -4*j**2 + 20*j + 15. Let n(v) = -v**2 + 7*v + 5. Let o(q) = -2*h(q) + 7*n(q). Suppose 2*t - 45 = -63. Determine o(t).
5
Let s(a) = -a + 21. Suppose -2*m + 15 = -3*p, 4*p - 3*p = 3. What is s(m)?
9
Let f(p) be the third derivative of p**8/20160 + p**7/840 + p**6/240 - p**5/3 - 5*p**2. Let j(l) be the third derivative of f(l). Calculate j(-6).
3
Suppose -4*f = -71 + 19. Suppose -3*x = -f*x. Let g(i) be the second derivative of -i**4/12 - 3*i**2/2 + i. What is g(x)?
-3
Suppose 4*s - 2*p + 14 = 0, 2*s + 4 = 3*s - 3*p. Let o(t) = t**3 + 4*t**2 - t + 7. What is o(s)?
-13
Let q(f) = 0*f - 5*f - f - 2*f + 152 - 104. Give q(6).
0
Let q(k) = k - 4. Let z = -8 - -11. Let y be z + 0/(-3 + 2). Suppose -5*r + 30 = -f, -y*r = 3*f - 2*r + 10. Calculate q(f).
-9
Let f(m) = -22*m - 6. Let y(g) = 62*g + 17. Let v(s) = 17*f(s) + 6*y(s). Let q = -1 + 6. Suppose q*j + 8 = -2. Give v(j).
4
Suppose 0 = h + 11 - 18. Let i(j) = -2*j + 1. Calculate i(h).
-13
Let v(b) = -775 - 4*b - 775 + 1551. Determine v(3).
-11
Let a(c) be the third derivative of -c**5/60 - c**4/6 + 7*c**3/6 - 8*c**2. Let v(s) = s**3 - 15*s**2 - 22*s + 90. Let z be v(16). Calculate a(z).
-5
Let v(l) = -4*l**2 + 75*l + 101. Let i be v(20). Let x(z) = -19*z**2 + 5*z + 6. Let g(f) = 18*f**2 - 4*f - 5. Let j(b) = 6*g(b) + 5*x(b). Determine j(i).
14
Let k(f) be the third derivative of -f**4/24 + f**3/2 + 3*f**2 + 2. Determine k(-2).
5
Let v(l) = -l**3 - 5*l**2 + 8*l + 7. Let h(x) = 3*x**3 + 3*x - 3. Let y be h(2). Let j = y - 33. Calculate v(j).
-5
Suppose 11*p = 13*p - 8. Let o(v) = -p - 1 - 5*v + 1. Calculate o(-3).
11
Let t(p) = -10*p + 43. Let i(k) = 3*k - 14. Let n(f) = -7*i(f) - 2*t(f). Calculate n(5).
7
Suppose 0 = -y + 6*y - 430. Suppose 5*p - 385 = -o + 45, p - y = -2*o. Let v(r) = 4*r - 86 - r**2 - r**3 + p. What is v(-3)?
6
Let n = 4246/3 + -1413. Let k(x) be the first derivative of n*x**3 + 1/2*x**2 - 3 - 1/4*x**4 - 3*x. Determine k(7).
4
Let g(v) = -3*v**2 + 12*v + 24. Let i(c) = -8*c**2 + 36*c + 70. Let d(o) = 11*g(o) - 4*i(o). What is d(-12)?
-16
Let p(g) = -7*g - 7. Let c(l) = -8*l - 8. Let j(q) = q**3 - 6*q**2 - 9*q + 7. Let k be j(7). Let t(m) = k*p(m) + 6*c(m). Suppose 0 = 2*h - 0*h. Give t(h).
1
Let q(j) = j**3 - 4*j**2 - 4*j + 7. Let s be (-4)/6 + 3/27*6. Suppose 0*p + 7*p - 35 = s. What is q(p)?
12
Let d(l) be the second derivative of -l**4/6 - l**3/2 - 2*l**2 + 13*l - 6. Determine d(3).
-31
Let r = -29 + 32. Suppose 5*k = r*k. Let u = k - 3. Let w(z) = -z**3 - 3*z**2 - 2*z + 3. Give w(u).
9
Let j be ((-12)/10)/((-14)/35). Let h(w) = -5 - 5*w**2 - 2*w + w**2 - 5*w + j*w**2. Give h(-6).
1
Let s(y) = 8*y. Suppose 1 = -17*a + 16*a. Determine s(a).
-8
Let k = 0 - 3. Let n(r) = 6*r**2 + 17*r - 6. Let j(o) = 4*o**2 + 11*o - 4. Let c(h) = -8*j(h) + 5*n(h). Give c(k).
-7
Let u(t) = -3*t - 4. Let s be ((3 + -2)*-1)/(39/273). Determine u(s).
17
Let z(a) = -a**3 + 7*a**2 - 7*a + 10. Let x be z(6). Let u(j) = -j - 2 - x + 0. Calculate u(-8).
2
Let w(r) = 2*r + 1 + 2*r - 4 + r. Let u(g) = -2*g**2 + 26*g - 78. Let m be u(8). Calculate w(m).
7
Suppose -4*x - 5*z = -z - 24, 4*x - 40 = 4*z. Let j(s) be the first derivative of -s**3/3 + 4*s**2 + 2*s + 250. Calculate j(x).
2
Let m(l) = l + 2. Suppose 25*t = 26*t + 2*v - 4, -3*t - 4*v = -10. Give m(t).
4
Suppose -6 = 3*d - 5*s - 18, 2*d = 2*s + 4. Let k(r) = -18*r**2 + r. Calculate k(d).
-19
Let u(h) = 4*h**3 - h**2 + h. Let n(s) = 3*s - 2. Suppose -2*w - 36 + 38 = 0. Let y be n(w). Calculate u(y).
4
Let k(t) be the third derivative of t**5/60 + 3*t**4/8 + 7*t**3/3 - 71*t**2. Determine k(-6).
-4
Let s(p) be the first derivative of p**3/2 - p**2/2 - 42*p + 33. Let d(i) be the first derivative of s(i). Give d(1).
2
Let r(s) be the third derivative of -7*s**6/720 + s**5/60 - s**4/3 + 7*s**2. Let o(m) be the second derivativ